lse
Is 462406739 a composite number?
False
Is 1553209871 prime?
False
Is 3744932437 composite?
True
Is 639756991 a prime number?
True
Is 746164567 a prime number?
True
Is 4332062177 a composite number?
True
Is 113094788189 a prime number?
False
Is 6962885395 a prime number?
False
Is 274118839 a prime number?
False
Is 2176914809 a prime number?
True
Is 24383317097 prime?
True
Is 41386776085 a prime number?
False
Is 1213107353 composite?
False
Is 1187531263 a prime number?
True
Is 27044956199 a composite number?
False
Is 137673617 composite?
False
Is 2034533341 a composite number?
False
Is 53376168509 a composite number?
True
Is 828963557 prime?
True
Is 1780553883 prime?
False
Is 982381031 a prime number?
False
Is 60833708911 prime?
False
Is 71148634 prime?
False
Is 3889824611 prime?
False
Is 745125151 prime?
True
Is 47386537279 composite?
False
Is 1500581999 prime?
False
Is 51944369 prime?
False
Is 2580561671 a prime number?
False
Is 27078092373 prime?
False
Is 118192199161 prime?
False
Is 48162811 a composite number?
False
Is 15514549277 composite?
False
Is 12114522613 a prime number?
False
Is 6002291819 a prime number?
True
Is 18304431199 prime?
False
Is 1433013677 a prime number?
False
Is 2532231839 composite?
False
Is 2200897327 composite?
True
Is 64239220615 composite?
True
Is 704963573 composite?
True
Is 59209462573 prime?
True
Is 68059297 a prime number?
True
Is 439193899 prime?
False
Is 34940585321 composite?
False
Is 6651062129 a prime number?
True
Is 14058061491 a composite number?
True
Is 554116951 a composite number?
True
Is 978978151 a composite number?
False
Is 3865513937 prime?
True
Is 226019447 a composite number?
False
Is 16659635051 a prime number?
True
Is 36366390373 a prime number?
False
Is 1764656161 prime?
True
Is 3035022901 composite?
False
Is 2456123777 composite?
False
Is 47791230419 a prime number?
True
Is 7408390889 a composite number?
True
Is 69011198771 prime?
False
Is 9714699213 composite?
True
Is 29259772049 composite?
False
Is 233024361727 a composite number?
True
Is 11975344937 a prime number?
True
Is 103816786609 prime?
True
Is 43105720657 a composite number?
True
Is 2196124817 prime?
False
Is 629113063 composite?
False
Is 23944780121 a prime number?
True
Is 33456702583 a prime number?
True
Is 60952603009 prime?
False
Is 50150742935 a composite number?
True
Is 122781331 composite?
True
Is 11997138071 composite?
False
Is 87185254151 a prime number?
True
Is 8409054151 a composite number?
False
Is 2447185397 a composite number?
False
Is 2099421407 a composite number?
False
Is 5176002521 prime?
False
Is 3257400997 composite?
False
Is 29772808489 prime?
True
Is 45184454041 composite?
True
Is 98054921399 prime?
True
Is 213429599 composite?
True
Is 1208757079 a composite number?
True
Is 1358190233 prime?
True
Is 1523863109 a composite number?
False
Is 184986885749 prime?
False
Is 8549484877 a composite number?
False
Is 7719796037 a composite number?
True
Is 2629825847 a composite number?
True
Is 6864520499 a composite number?
True
Is 1095805273 a prime number?
True
Is 2425048705 prime?
False
Is 2779705039 a prime number?
False
Is 31254838729 composite?
False
Is 85033212097 composite?
True
Is 2405961911 prime?
True
Is 2331818777 composite?
True
Is 1491801901 prime?
False
Is 436683697 prime?
True
Is 620457671 prime?
True
Is 57347179 a composite number?
True
Is 9905411 a composite number?
False
Is 199879171 a composite number?
False
Is 7404322207 prime?
False
Is 39502909547 a composite number?
True
Is 92781039623 prime?
True
Is 9492694631 a prime number?
False
Is 19233013519 a composite number?
False
Is 6569032513 composite?
False
Is 730335187 a composite number?
True
Is 262342357265 a composite number?
True
Is 161231883551 composite?
True
Is 18733681271 a composite number?
False
Is 2923294369 a prime number?
False
Is 19694416733 composite?
False
Is 30786957997 composite?
True
Is 100084756427 composite?
True
Is 1520455459 prime?
True
Is 59619816127 composite?
False
Is 121205645149 prime?
True
Is 18495761 a prime number?
True
Is 149754967 a prime number?
True
Is 7151879639 a composite number?
False
Is 60340960991 composite?
False
Is 20450889943 a composite number?
True
Is 269126617 prime?
True
Is 290973937 prime?
True
Is 37824031885 a prime number?
False
Is 9541128419 a prime number?
False
Is 17213607979 a composite number?
False
Is 62504344547 prime?
True
Is 215547139 composite?
False
Is 78429611467 a composite number?
False
Is 2341147183 prime?
True
Is 54541193989 prime?
False
Is 1010362082 a composite number?
True
Is 19946862893 prime?
False
Is 8342232541 a prime number?
False
Is 3919833187 a composite number?
False
Is 2092198379 a prime number?
False
Is 18403932221 prime?
True
Is 3644670619 a prime number?
False
Is 1014660589 composite?
True
Is 409446083 a composite number?
True
Is 36907311841 a composite number?
False
Is 8014350467 prime?
True
Is 4551072541 prime?
True
Is 3651460077 a prime number?
False
Is 267121849 a prime number?
True
Is 236668799 a composite number?
True
Is 90802499209 prime?
True
Is 589420411 composite?
True
Is 20772288553 a prime number?
False
Is 26544326141 a composite number?
True
Is 4381087937 a prime number?
True
Is 7896517469 composite?
False
Is 2143364623 prime?
True
Is 1130606207 composite?
True
Is 49462076887 composite?
False
Is 29695759 composite?
False
Is 50076265733 prime?
False
Is 1595516059 composite?
False
Is 17593739831 composite?
True
Is 119655802783 composite?
True
Is 5229332711 composite?
False
Is 1463378387 a composite number?
False
Is 17760215023 a prime number?
True
Is 95762376961 a composite number?
True
Is 286312457 prime?
True
Is 1619752987 composite?
True
Is 9106837378 a prime number?
False
Is 5924070193 composite?
False
Is 8955087917 a composite number?
False
Is 28152105161 composite?
True
Is 19339225457 prime?
False
Is 72698081411 a composite number?
False
Is 6383090653 composite?
False
Is 1909491611 prime?
True
Is 46235381167 composite?
False
Is 217567627 a prime number?
False
Is 97458003083 composite?
True
Is 49500347243 a prime number?
True
Is 167235889 a prime number?
False
Is 7332425203 composite?
False
Is 3143408729 a prime number?
True
Is 199758019 a composite number?
False
Is 28868012483 prime?
True
Is 2104756789 composite?
True
Is 1536243769 a composite number?
False
Is 207832379 a composite number?
False
Is 50164650119 a composite number?
False
Is 3850417481 composite?
True
Is 14147071241 composite?
True
Is 1781865539 prime?
True
Is 13541925967 a composite number?
False
Is 3293782339 a prime number?
True
Is 140320437299 composite?
True
Is 3433664231 a prime number?
False
Is 2077719701 composite?
False
Is 40972053637 a composite number?
True
Is 769986527 prime?
True
Is 6896422397 a composite number?
True
Is 346627987 a composite number?
True
Is 6615827719 a prime number?
True
Is 845777203 a prime number?
True
Is 13269230989 a composite number?
True
Is 60439114277 prime?
True
Is 303974719 prime?
True
Is 1457583034 a composite number?
True
Is 811927409 composite?
False
Is 47646865753 prime?
False
Is 14009603639 a composite number?
False
Is 702266951 a composite number?
False
Is 37290746707 a composite number?
False
Is 18484921163 composite?
True
Is 34359451717 composite?
False
Is 242945237 a prime number?
True
Is 1017141553 a composite number?
False
Is 23912761469 composite?
True
Is 4965862841 a prime number?
True
Is 555737111 composite?
False
Is 872786441 a composite number?
False
Is 3339533473 composite?
True
Is 8060056262 a composite number?
True
Is 3351368635 a prime number?
False
Is 22268831147 a composite number?
False
Is 425394869 prime?
False
Is 6201504091 a composite number?
False
Is 106486841633 a composite number?
False
Is 8291004347 prime?
False
Is 211446671 composite?
False
Is 11026481731 a prime number?
False
Is 248556299 a prime number?
True
Is 36282649127 prime?
True
Is 5608987103 a prime number?
False
Is 2025905327 a composite number?
False
Is 85562849 prime?
False
Is 396050779 a prime number?
False
Is 572818211 a prime number?
False
Is 6744138581 a composite number?
False
Is 6228924503 a prime number?
False
Is 7812288049 a prime number?
True
Is 1308539693 a composite number?
True
Is 30435654011 composite?
True
Is 17957780231 a prime numbe